- ((-23 - -8) + 24).
-23
2 - -3 - (-2 + 0 + -1 + -1)
9
Calculate (1 - -8) + (19 + -30 - -5).
3
-100 + 118 + -8 + (2 - 0)
12
6 + -20 + (22 - 8) - (0 - 1)
1
(11 - (4 + -1) - -3) + -87 + 92
16
Calculate 0 - (1 - -24) - -20.
-5
-1 + (-1 - 4 - (31 + -39))
2
What is the value of -133 + 104 - (-2 + -5)?
-22
-96 + 132 + -19 + 0
17
Calculate 44 + -9 - (-2 - -34).
3
What is 5 + 4 + -6 + -4 + (-129 - -113)?
-17
Calculate 6 - 4 - (-4 - -1) - (8 - 11).
8
Evaluate 2 + -1 + 3 + -7 + -6 + -5.
-14
Calculate -1 - 7 - (61 + -78) - (5 + 16).
-12
What is -15 + (-1 - -16 - -11) - 20?
-9
Calculate (-2 + -7 - -5) + 2 + 7 + -2.
3
Evaluate 8 - 34 - -20 - (1 - 6) - -6.
5
(3 - 0 - (-12 + 17)) + 16
14
What is -8 + (12 + 1 - (15 - (16 + -4)))?
2
What is 16 + (7 - 36) + -3 + 1?
-15
What is 8 + (2 - (-2 - (-7 - 0))) - 7?
-2
-20 - -2 - (277 + -277)
-18
What is 7 - -1 - (23 + 1 + -15)?
-1
What is the value of 23 - 19 - (-13 - (-2 - 11))?
4
Evaluate -14 - (73 + -74 - (9 + 0)).
-4
What is 7 - (8 - (-7 + 22) - 0)?
14
Calculate 2 + 0 + -40 + 43.
5
What is the value of (-9 - -15) + 3 + 1 - -7?
17
Calculate (0 - 10) + 7 + 10 + 7.
14
What is (0 + (-1 - 1) - 8) + -8?
-18
Evaluate -40 - -6 - (5 + -10) - -13.
-16
-16 - (-7 - (14 - 12) - 3)
-4
Evaluate 2 - (8 - (4 + 2 + -2)) - 2.
-4
What is (41 - 50) + -8 + (-2 - -4) + -3?
-18
2 + -8 + (128 - 119) - 9
-6
Evaluate (42 - 15) + -52 + 33.
8
What is 30 + (-23 - 2) - (6 + -1)?
0
12 - 4 - 2 - 1 - (109 - 116)
12
What is the value of 5 + 2 + (-19 - -14 - 6)?
-4
3 + (-8 - -6) + (-23 - -4)
-18
What is the value of -21 - (11 - 33) - -20?
21
Calculate -35 + -19 + 31 + 36.
13
-3 + 1 + 1 - (-9 - (-6 - -1))
3
Evaluate 6 + 1 + (579 - 570).
16
0 - -10 - (-21 + (-3 - -63))
-29
Evaluate 3 - 2 - (65 - 70 - (0 - 18)).
-12
(-1 - 6) + -7 + 15 + (-3 - 2)
-4
What is 4 - (10 + 7 + (-1 - (10 - 5)))?
-7
What is -7 - (-24 - -7) - 13?
-3
What is (-5 + 7 - 3) + (0 - 11 - 14)?
-26
Calculate -20 - ((-19 - -14) + -11).
-4
0 - 8 - (124 - 136)
4
Evaluate 11 - 29 - (-47 - -35).
-6
2 - (50 + -25) - -35
12
What is 11 - (16 + -1) - 6?
-10
What is 4 + (11 - 30 - -8)?
-7
Evaluate 2 + 2 + (-8 - 7) - (4 + -5).
-10
What is (-1 - 2) + (-6 - (-21 + 9)) + 6?
9
Evaluate 17 - (-3 + 5) - 22.
-7
Evaluate -1 + 11 + (12 - 15) + 2.
9
What is (-9 + 21 - 14) + (7 - -1)?
6
What is 6 - (-5 - (19 - (-2 + 7) - 6))?
19
What is -47 + (44 - -3) + (1 - 0 - -31)?
32
What is the value of -37 + 10 - (12 - 27)?
-12
What is -11 + -1 + 16 + -9?
-5
What is the value of 103 + -120 - (0 + (7 - 5) + -10)?
-9
What is 0 + 3 + 19 + -31?
-9
Evaluate -1 + 3 - (-56 - (-125 - -58)).
-9
What is 9 - 10 - (3 + -14)?
10
Calculate -3 + (-7 - -11 - (0 - -8 - -1)).
-8
What is the value of (5 - -3) + -11 + 15?
12
(5 - 26) + (7 - -19)
5
Evaluate -20 + 7 + 14 - 39 - (-3 + -9).
-26
Evaluate (1 - -3) + -1 - -19 - (-63 - -59).
26
What is the value of 3 + 1 + 2 - 3?
3
(170 - 172 - (-17 - -1)) + 14
28
Calculate (12 - 2) + (3 + 8 - 22).
-1
Calculate 16 + -26 + 7 + (2 - 9).
-10
Evaluate (-10 - 1) + (0 - -16) + -24.
-19
Calculate 12 - (-6 + 51 + -2 + -16).
-15
170 - 94 - 40 - (1 + (0 - 0))
35
Calculate -37 + 8 + 9 - (17 + -8).
-29
What is the value of (16 - (18 - (-1 - -9))) + -2 + 1?
5
What is the value of -15 + (23 + -22 - -4)?
-10
What is -9 - (-43 + 16) - 2?
16
Calculate (-9 - (-5 - 7 - -12)) + -10.
-19
What is the value of -27 + 11 + 17 + (25 - 10)?
16
-10 + 0 - (-22 + 57 + -18 + -44)
17
What is the value of -1 - -4 - (-19 - (6 - 11) - 2)?
19
Evaluate 10 - (-5 + -5 + -3 - -1).
22
-7 + 6 + 13 + (-7 - (5 - 8))
8
Calculate 11 - -4 - (4 - -5) - 0.
6
What is the value of (2 - 6) + (-9 - -8) + -8?
-13
What is -126 + 139 + (-1 - 0 - 32)?
-20
Calculate 13 + 17 + 11 + -55.
-14
What is the value of -2 - (31 - 19) - 10?
-24
What is (-11 - (-3 + 3)) + -26 + 9 + 22?
-6
Evaluate 13 + 15 + -12 + -21.
-5
What is the value of (0 - 8) + -7 + -9 + 2 + 14?
-8
What is the value of (-17 - -14) + (4 - -1) - (2 - 2)?
2
Calculate -23 + 18 - (-2 + 1).
-4
Calculate -27 + (30 - 32) + (-2 - -14).
-17
Calculate -14 - (-15 - (9 - 25)).
-15
(20 - (22 + -1)) + (-8 - 1)
-10
Evaluate -64 + 59 + (1 - -2) + -2 + 7.
3
Evaluate 21 - 0 - (-17 + (2 - 25) + 50).
11
What is 1 + 17 + (13 - (39 + -18))?
10
What is the value of -8 + -7 - (2 + 0)?
-17
What is the value of 0 - 8 - -10 - -10?
12
What is 17 - -2 - (341 + -324)?
2
What is the value of -30 + (61 - (-15 + 33))?
13
What is -14 - (-11 + -8 + 0 - -12)?
-7
Calculate -5 - -1 - (37 + -24 + -11).
-6
-13 + -1 + (-117 - -145) + -17
-3
-13 + 1 + (-3 - (19 - 62))
28
Calculate 1 + 9 + 222 + -241.
-9
What is -9 + -1 + (75 - 84)?
-19
Evaluate -629 + 625 + (1 - 18).
-21
What is (-28 + 18 - -1) + (0 - -7)?
-2
What is the value of 31 - (2 + -33 + 78)?
-16
1 - (-3 + -3) - (29 - 23)
1
Evaluate 1 + -1 + -1 + (-110 - -114).
3
Calculate (0 - ((-1 - -1) + -1 + -4)) + -9.
-4
(10 + (-22 - -9) - 2) + -1
-6
Evaluate 21 - (43 - 21) - -10.
9
Evaluate -6 - (-4 - (2 + -5 + 8 - 7)).
-4
Calculate -17 + -2 + (49 - 23).
7
What is the value of -15 + -6 - ((-2 - -5) + -6)?
-18
Calculate -9 - 4 - (-29 - -7).
9
What is -12 - (-15 - (18 - 12))?
9
What is the value of 8 + (1 + -2 - ((-14 - 6) + 9))?
18
What is the value of -1 - (-25 - -45) - (-13 - -3 - -3)?
-14
Evaluate -2537 + 2529 - (2 + -1 - -15).
-24
Calculate -3 + (0 - -8) + 41 + -34.
12
Evaluate -25 + ((1 - -1) + (-4 - 4) - -15).
-16
What is -13 - (-14 + 2 - 1 - -4)?
-4
What is -1 - (-15 + 8 + (4 + 1 - 2))?
3
What is the value of 16 - (9 + -19 - 5 - -12)?
19
-121 + 109 - (-14 + -1)
3
Evaluate (-1 - 9) + 26 + -11.
5
Calculate 19 + -13 + 2 + 3 + 9.
20
Calculate 2 + (3 - (2 + -3)) - -17.
23
What is -24 + 25 - (4 + -21 + 5)?
13
What is the value of -5 + (0 - (8 - 19))?
6
What is -4 - ((1 - -2) + (-5 - -9) - -2)?
-13
What is 2 + -9 + 0 + (10 + -8 - -10)?
5
What is 4 + -5 + (4 + 0 - 2)?
1
What is 27 - ((-18 - -37) + 7)?
1
What is the value of -8 + (61 - (-4 + 12)) + -15?
30
What is 1 + -5 + -3 - (-12 + 6 - -19)?
-20
Calculate 133 + -122 + (-29 - -7).
-11
What is the value of -29 - (0 + -11) - (-3 + 5 + -1)?
-19
Calculate 1 + 26 + -7 + 3 + (84 - 84).
23
-21 - 2 - (204 - 204)
-23
What is the value of (8 - (-6 - 1) - (9 - 2)) + 2?
10
(48 - 3) + -3 - (-1036 + 1044)
34
Calculate -1 - 2 - (1 + -1 + 1 - 4).
0
What is the value of 14 + -1 - (20 - 1)?
-6
What is 41 + (31 - 84) + -1 + 36?
23
What is -228 - -201 - (-6 + (-1 - (3 - 1)))?
-18
Calculate (25 - 23) + 8 + -4 + -11 - -12.
7
Evaluate -7 - (149 + -157 + (1 - -10)).
-10
-11 - (8 - 21 - (2 - 20))
-16
(15 + -9 - 19 - -26) + 6
19
What is the value of -8 - (-3 + (4 - 12 - -13) - 27)?
17
Calculate (-2 - -5 - -13) + (-8 + 6 - 4).
10
What is -6 + 34 - (134 + -108)?
2
11 + -6 + -10 + (0 + 3 - 3)
-5
Evaluate 6 + 0 + -8 + 0.
-2
What is the value of -10 + -13 + 21 + (-5 + 38 - -1)?
32
Calculate 6 - (-1 - -6) - -16 - 4.
13
Calculate (-15 - 5) + (-25 - -35).
-10
Evaluate (13 - -2) + -3 + (-2 - (-9 - 0)).
19
What is the value of 16 - 6 - (-7 + -1 - -7)?
11
-6 - (18 + (-16 - -1 - 16))
7
What is the value of -3 + 26 + -35 - (2 + 8 + -2)?
-20
Calculate -5 - (-3 + (2 - 4) + 2).
-2
What is the value of -20 + 13 - (9 - 2) - -20?
6
-6 + -4 + (7 - -1) + 6 + 26
30
What is the value of -4 - -2 - -4 - (8 - -8)?
-14
Evaluate (5 + -7 - 3) + 0 - (2 - -3).
-10
What is the value of -3 - (21 - (1 + 17 + -9 - 2))?
-17
Calculate 20 + -18 - ((-2 - 3) + 8 + -8).
7
What is the value of -6 + 12 + 6 + -2 + (-13 - -14)?
11
Calculate (32 + -24 - (3 - 13)) + -49.
-31
What is the value of 1 + -4 - ((1 - (5 - 14)) + 3)?
-16
What is the value of 5 + 0 + (-5 - -6 - (-6 - 1))?
13
What is (-2 - 3 - (-36 + 27)) + 4 + 25?
33
(-23 + 0 - -20) + -17 + 2
-18
What is -1 + -4 + (-5 - (-12 - -7 - -3))?
-8
-4 - (-35 + 26 + 41)
-36
What is the value of -3 - (0 + 1 + -3 + 7)?
-8
What is the value of (1 - (-6 + 7)) + 0 - (-10 + 2)?
8
9 + -24 + (7 - -2) - 5
-11
What is the value of 9 + 2 + -1 + -12 + -16 + 27?
9
What is 6 - 5 - 0 - ((-10 - 5) + -2)?
18
What is -2 - (9 - 10) - (-3 + 7)?
-5
-1 - 2 - (6 - (-9 + -5))
-23
What is the value of 24 + -17 + (1 - (8 - (0 - -1)))?
1
-24 - (160 + -171 + 15 + 0)
-28
What is the value of 17 - (20 + -10 + -3) - 9?
1
Evaluate (16 - (-1 + 10 + -3)) + 5 - 4.
11
(24 - 4) + -57 - -11
-26
Evaluate 8 + (7 - 11) + 4.
8
Calculate -1 + -22 + (18 - -10).
5
What is the value of 4 + (-5 - -16